{"id":313,"date":"2024-09-25T18:32:56","date_gmt":"2024-09-25T16:32:56","guid":{"rendered":"https:\/\/entreterreetcielgannat.fr\/?page_id=313"},"modified":"2024-11-20T14:08:18","modified_gmt":"2024-11-20T13:08:18","slug":"infos-mtc","status":"publish","type":"page","link":"https:\/\/entreterreetcielgannat.fr\/index.php\/infos-mtc\/","title":{"rendered":"Infos MTC"},"content":{"rendered":"\n<p class=\"has-medium-font-size\"><strong>M\u00e9ridien du Poumon FEI \u80ba 11 points (Tai Yin) \/ Saison Automne \/ El\u00e9ment ou Mouvement M\u00e9tal <\/strong>(source : acuponcturesite)<\/p>\n\n\n\n<figure class=\"wp-block-image size-full is-resized\"><img loading=\"lazy\" decoding=\"async\" width=\"500\" height=\"328\" src=\"https:\/\/entreterreetcielgannat.fr\/wp-content\/uploads\/2024\/10\/Poumon-seul-acuponcture-site-1.png\" alt=\"\" class=\"wp-image-398\" style=\"width:624px;height:auto\" srcset=\"https:\/\/entreterreetcielgannat.fr\/wp-content\/uploads\/2024\/10\/Poumon-seul-acuponcture-site-1.png 500w, https:\/\/entreterreetcielgannat.fr\/wp-content\/uploads\/2024\/10\/Poumon-seul-acuponcture-site-1-300x197.png 300w\" sizes=\"auto, (max-width: 500px) 100vw, 500px\" \/><\/figure>\n\n\n\n<p class=\"has-medium-font-size\"><strong>M\u00e9ridien du Gros intestin DA CHANG_h\u00e9 li\u00e1o \u79be\u9ace 20 points (Yang Ming) \/ Saison Automne \/ El\u00e9ment ou Mouvement M\u00e9tal <\/strong>(source : acuponcturesite)<\/p>\n\n\n\n<figure class=\"wp-block-image size-full is-resized\"><img loading=\"lazy\" decoding=\"async\" width=\"500\" height=\"328\" src=\"https:\/\/entreterreetcielgannat.fr\/wp-content\/uploads\/2024\/10\/Gros-Intestin-seul-Acuponcture-Site.png\" alt=\"\" class=\"wp-image-400\" style=\"width:624px;height:auto\" srcset=\"https:\/\/entreterreetcielgannat.fr\/wp-content\/uploads\/2024\/10\/Gros-Intestin-seul-Acuponcture-Site.png 500w, https:\/\/entreterreetcielgannat.fr\/wp-content\/uploads\/2024\/10\/Gros-Intestin-seul-Acuponcture-Site-300x197.png 300w\" sizes=\"auto, (max-width: 500px) 100vw, 500px\" \/><\/figure>\n\n\n\n<p class=\"has-medium-font-size\"><strong>M\u00e9ridien de la rate-Pancr\u00e9as PI \u813e 21 points<\/strong> <strong>\/ Saison fin de l&rsquo;\u00e9t\u00e9 &#8211; Intersaison \/ El\u00e9ment ou Mouvement Terre <\/strong>(source : acuponcturesite)<\/p>\n\n\n\n<figure class=\"wp-block-image size-full is-resized\"><img loading=\"lazy\" decoding=\"async\" width=\"373\" height=\"500\" src=\"https:\/\/entreterreetcielgannat.fr\/wp-content\/uploads\/2024\/11\/Rate-acuponsite.png\" alt=\"\" class=\"wp-image-420\" style=\"width:624px;height:auto\" srcset=\"https:\/\/entreterreetcielgannat.fr\/wp-content\/uploads\/2024\/11\/Rate-acuponsite.png 373w, https:\/\/entreterreetcielgannat.fr\/wp-content\/uploads\/2024\/11\/Rate-acuponsite-224x300.png 224w\" sizes=\"auto, (max-width: 373px) 100vw, 373px\" \/><\/figure>\n\n\n\n<p class=\"has-medium-font-size\"><strong>M\u00e9ridien de l&rsquo;Estomac WEI \u80c3 45 points \/ Saison fin de l&rsquo;\u00e9t\u00e9 &#8211; Intersaison \/ El\u00e9ment ou Mouvement Terre <\/strong>(source : acuponcturesite)<\/p>\n\n\n\n<figure class=\"wp-block-image size-full is-resized\"><img loading=\"lazy\" decoding=\"async\" width=\"376\" height=\"500\" src=\"https:\/\/entreterreetcielgannat.fr\/wp-content\/uploads\/2024\/11\/Estomac-haut-et-bas.png\" alt=\"\" class=\"wp-image-423\" style=\"width:624px;height:auto\" srcset=\"https:\/\/entreterreetcielgannat.fr\/wp-content\/uploads\/2024\/11\/Estomac-haut-et-bas.png 376w, https:\/\/entreterreetcielgannat.fr\/wp-content\/uploads\/2024\/11\/Estomac-haut-et-bas-226x300.png 226w\" sizes=\"auto, (max-width: 376px) 100vw, 376px\" \/><\/figure>\n\n\n\n<p class=\"has-medium-font-size\"><strong>Cycle intersaisons des mouvements<\/strong><\/p>\n\n\n\n<figure class=\"wp-block-image size-full is-resized\"><img loading=\"lazy\" decoding=\"async\" width=\"500\" height=\"393\" src=\"https:\/\/entreterreetcielgannat.fr\/wp-content\/uploads\/2024\/11\/Cycle-5-elements-et-intersaison-1.png\" alt=\"\" class=\"wp-image-415\" style=\"width:624px;height:auto\" srcset=\"https:\/\/entreterreetcielgannat.fr\/wp-content\/uploads\/2024\/11\/Cycle-5-elements-et-intersaison-1.png 500w, https:\/\/entreterreetcielgannat.fr\/wp-content\/uploads\/2024\/11\/Cycle-5-elements-et-intersaison-1-300x236.png 300w\" sizes=\"auto, (max-width: 500px) 100vw, 500px\" \/><\/figure>\n\n\n\n<p class=\"has-medium-font-size\"><strong>Cycles des 5 mouvements<\/strong> (Cycle engendrement et de contr\u00f4le)<\/p>\n\n\n\n<figure class=\"wp-block-image size-full is-resized\"><img loading=\"lazy\" decoding=\"async\" width=\"500\" height=\"407\" src=\"https:\/\/entreterreetcielgannat.fr\/wp-content\/uploads\/2024\/11\/Cycle-5-elements-cycle2-1.png\" alt=\"\" class=\"wp-image-416\" style=\"width:624px;height:auto\" srcset=\"https:\/\/entreterreetcielgannat.fr\/wp-content\/uploads\/2024\/11\/Cycle-5-elements-cycle2-1.png 500w, https:\/\/entreterreetcielgannat.fr\/wp-content\/uploads\/2024\/11\/Cycle-5-elements-cycle2-1-300x244.png 300w\" sizes=\"auto, (max-width: 500px) 100vw, 500px\" \/><\/figure>\n\n\n\n<p class=\"has-medium-font-size\"><strong>Cycles (Nourrir \/ Contr\u00f4le \/ D\u00e9truit)<\/strong><\/p>\n\n\n\n<figure class=\"wp-block-image size-full is-resized\"><img loading=\"lazy\" decoding=\"async\" width=\"500\" height=\"496\" src=\"https:\/\/entreterreetcielgannat.fr\/wp-content\/uploads\/2024\/11\/Cycle-5-elements-cycle.png\" alt=\"\" class=\"wp-image-417\" style=\"width:623px;height:auto\" srcset=\"https:\/\/entreterreetcielgannat.fr\/wp-content\/uploads\/2024\/11\/Cycle-5-elements-cycle.png 500w, https:\/\/entreterreetcielgannat.fr\/wp-content\/uploads\/2024\/11\/Cycle-5-elements-cycle-300x298.png 300w, https:\/\/entreterreetcielgannat.fr\/wp-content\/uploads\/2024\/11\/Cycle-5-elements-cycle-150x150.png 150w, https:\/\/entreterreetcielgannat.fr\/wp-content\/uploads\/2024\/11\/Cycle-5-elements-cycle-80x80.png 80w\" sizes=\"auto, (max-width: 500px) 100vw, 500px\" \/><\/figure>\n\n\n\n<p class=\"has-medium-font-size\"><strong>Horloge circadienne<\/strong><\/p>\n\n\n\n<figure class=\"wp-block-image size-full is-resized\"><img loading=\"lazy\" decoding=\"async\" width=\"500\" height=\"336\" src=\"https:\/\/entreterreetcielgannat.fr\/wp-content\/uploads\/2024\/11\/Horloge-circadienne-avec-representation-des-meridiens.png\" alt=\"\" class=\"wp-image-418\" style=\"width:762px;height:auto\" srcset=\"https:\/\/entreterreetcielgannat.fr\/wp-content\/uploads\/2024\/11\/Horloge-circadienne-avec-representation-des-meridiens.png 500w, https:\/\/entreterreetcielgannat.fr\/wp-content\/uploads\/2024\/11\/Horloge-circadienne-avec-representation-des-meridiens-300x202.png 300w\" sizes=\"auto, (max-width: 500px) 100vw, 500px\" \/><\/figure>\n\n\n\n<p class=\"has-medium-font-size\"><strong>Sch\u00e9ma des  Grands m\u00e9ridiens <\/strong><\/p>\n\n\n\n<figure class=\"wp-block-image size-full is-resized\"><img loading=\"lazy\" decoding=\"async\" width=\"500\" height=\"333\" src=\"https:\/\/entreterreetcielgannat.fr\/wp-content\/uploads\/2024\/11\/Schema-Grands-meridiens-JldlH.png\" alt=\"\" class=\"wp-image-421\" style=\"width:624px;height:auto\" srcset=\"https:\/\/entreterreetcielgannat.fr\/wp-content\/uploads\/2024\/11\/Schema-Grands-meridiens-JldlH.png 500w, https:\/\/entreterreetcielgannat.fr\/wp-content\/uploads\/2024\/11\/Schema-Grands-meridiens-JldlH-300x200.png 300w\" sizes=\"auto, (max-width: 500px) 100vw, 500px\" \/><\/figure>\n\n\n\n<p class=\"has-medium-font-size\"><strong>Circulation des grands m\u00e9ridiens<\/strong><\/p>\n\n\n\n<figure class=\"wp-block-image size-full is-resized\"><img loading=\"lazy\" decoding=\"async\" width=\"336\" height=\"500\" src=\"https:\/\/entreterreetcielgannat.fr\/wp-content\/uploads\/2024\/11\/Circuit-des-grands-meridiens.png\" alt=\"\" class=\"wp-image-422\" style=\"width:624px;height:auto\" srcset=\"https:\/\/entreterreetcielgannat.fr\/wp-content\/uploads\/2024\/11\/Circuit-des-grands-meridiens.png 336w, https:\/\/entreterreetcielgannat.fr\/wp-content\/uploads\/2024\/11\/Circuit-des-grands-meridiens-202x300.png 202w\" sizes=\"auto, (max-width: 336px) 100vw, 336px\" \/><\/figure>\n","protected":false},"excerpt":{"rendered":"<p>M\u00e9ridien du Poumon FEI \u80ba 11 points (Tai Yin) \/ Saison Automne \/ El\u00e9ment ou Mouvement M\u00e9tal (source : acuponcturesite) M\u00e9ridien du Gros intestin DA CHANG_h\u00e9 li\u00e1o \u79be\u9ace 20 points (Yang Ming) \/ Saison Automne \/ El\u00e9ment ou Mouvement M\u00e9tal (source : acuponcturesite) M\u00e9ridien de la rate-Pancr\u00e9as PI \u813e 21 points \/ Saison fin de [&hellip;]<\/p>\n","protected":false},"author":3,"featured_media":0,"parent":0,"menu_order":0,"comment_status":"closed","ping_status":"closed","template":"","meta":{"footnotes":""},"class_list":["post-313","page","type-page","status-publish","hentry"],"yoast_head":"<!-- This site is optimized with the Yoast SEO plugin v27.3 - https:\/\/yoast.com\/product\/yoast-seo-wordpress\/ -->\n<title>Infos MTC - ENTRE TERRE ET CIEL GANNAT<\/title>\n<meta name=\"robots\" content=\"index, follow, max-snippet:-1, max-image-preview:large, max-video-preview:-1\" \/>\n<link rel=\"canonical\" href=\"https:\/\/entreterreetcielgannat.fr\/index.php\/infos-mtc\/\" \/>\n<meta property=\"og:locale\" content=\"fr_FR\" \/>\n<meta property=\"og:type\" content=\"article\" \/>\n<meta property=\"og:title\" content=\"Infos MTC - ENTRE TERRE ET CIEL GANNAT\" \/>\n<meta property=\"og:description\" content=\"M\u00e9ridien du Poumon FEI \u80ba 11 points (Tai Yin) \/ Saison Automne \/ El\u00e9ment ou Mouvement M\u00e9tal (source : acuponcturesite) M\u00e9ridien du Gros intestin DA CHANG_h\u00e9 li\u00e1o \u79be\u9ace 20 points (Yang Ming) \/ Saison Automne \/ El\u00e9ment ou Mouvement M\u00e9tal (source : acuponcturesite) M\u00e9ridien de la rate-Pancr\u00e9as PI \u813e 21 points \/ Saison fin de [&hellip;]\" \/>\n<meta property=\"og:url\" content=\"https:\/\/entreterreetcielgannat.fr\/index.php\/infos-mtc\/\" \/>\n<meta property=\"og:site_name\" content=\"ENTRE TERRE ET CIEL GANNAT\" \/>\n<meta property=\"article:modified_time\" content=\"2024-11-20T13:08:18+00:00\" \/>\n<meta property=\"og:image\" content=\"https:\/\/entreterreetcielgannat.fr\/wp-content\/uploads\/2024\/10\/Poumon-seul-acuponcture-site-1.png\" \/>\n<meta name=\"twitter:card\" content=\"summary_large_image\" \/>\n<meta name=\"twitter:label1\" content=\"Dur\u00e9e de lecture estim\u00e9e\" \/>\n\t<meta name=\"twitter:data1\" content=\"1 minute\" \/>\n<script type=\"application\/ld+json\" class=\"yoast-schema-graph\">{\"@context\":\"https:\\\/\\\/schema.org\",\"@graph\":[{\"@type\":\"WebPage\",\"@id\":\"https:\\\/\\\/entreterreetcielgannat.fr\\\/index.php\\\/infos-mtc\\\/\",\"url\":\"https:\\\/\\\/entreterreetcielgannat.fr\\\/index.php\\\/infos-mtc\\\/\",\"name\":\"Infos MTC - ENTRE TERRE ET CIEL GANNAT\",\"isPartOf\":{\"@id\":\"https:\\\/\\\/entreterreetcielgannat.fr\\\/#website\"},\"primaryImageOfPage\":{\"@id\":\"https:\\\/\\\/entreterreetcielgannat.fr\\\/index.php\\\/infos-mtc\\\/#primaryimage\"},\"image\":{\"@id\":\"https:\\\/\\\/entreterreetcielgannat.fr\\\/index.php\\\/infos-mtc\\\/#primaryimage\"},\"thumbnailUrl\":\"https:\\\/\\\/entreterreetcielgannat.fr\\\/wp-content\\\/uploads\\\/2024\\\/10\\\/Poumon-seul-acuponcture-site-1.png\",\"datePublished\":\"2024-09-25T16:32:56+00:00\",\"dateModified\":\"2024-11-20T13:08:18+00:00\",\"breadcrumb\":{\"@id\":\"https:\\\/\\\/entreterreetcielgannat.fr\\\/index.php\\\/infos-mtc\\\/#breadcrumb\"},\"inLanguage\":\"fr-FR\",\"potentialAction\":[{\"@type\":\"ReadAction\",\"target\":[\"https:\\\/\\\/entreterreetcielgannat.fr\\\/index.php\\\/infos-mtc\\\/\"]}]},{\"@type\":\"ImageObject\",\"inLanguage\":\"fr-FR\",\"@id\":\"https:\\\/\\\/entreterreetcielgannat.fr\\\/index.php\\\/infos-mtc\\\/#primaryimage\",\"url\":\"https:\\\/\\\/entreterreetcielgannat.fr\\\/wp-content\\\/uploads\\\/2024\\\/10\\\/Poumon-seul-acuponcture-site-1.png\",\"contentUrl\":\"https:\\\/\\\/entreterreetcielgannat.fr\\\/wp-content\\\/uploads\\\/2024\\\/10\\\/Poumon-seul-acuponcture-site-1.png\",\"width\":500,\"height\":328},{\"@type\":\"BreadcrumbList\",\"@id\":\"https:\\\/\\\/entreterreetcielgannat.fr\\\/index.php\\\/infos-mtc\\\/#breadcrumb\",\"itemListElement\":[{\"@type\":\"ListItem\",\"position\":1,\"name\":\"Accueil\",\"item\":\"https:\\\/\\\/entreterreetcielgannat.fr\\\/\"},{\"@type\":\"ListItem\",\"position\":2,\"name\":\"Infos MTC\"}]},{\"@type\":\"WebSite\",\"@id\":\"https:\\\/\\\/entreterreetcielgannat.fr\\\/#website\",\"url\":\"https:\\\/\\\/entreterreetcielgannat.fr\\\/\",\"name\":\"entreterreetcielgannat.fr\",\"description\":\"Pratique du Qi Gong et du Tai Chi pour un mieux \u00eatre\",\"publisher\":{\"@id\":\"https:\\\/\\\/entreterreetcielgannat.fr\\\/#organization\"},\"potentialAction\":[{\"@type\":\"SearchAction\",\"target\":{\"@type\":\"EntryPoint\",\"urlTemplate\":\"https:\\\/\\\/entreterreetcielgannat.fr\\\/?s={search_term_string}\"},\"query-input\":{\"@type\":\"PropertyValueSpecification\",\"valueRequired\":true,\"valueName\":\"search_term_string\"}}],\"inLanguage\":\"fr-FR\"},{\"@type\":\"Organization\",\"@id\":\"https:\\\/\\\/entreterreetcielgannat.fr\\\/#organization\",\"name\":\"Entre terre et ciel\",\"url\":\"https:\\\/\\\/entreterreetcielgannat.fr\\\/\",\"logo\":{\"@type\":\"ImageObject\",\"inLanguage\":\"fr-FR\",\"@id\":\"https:\\\/\\\/entreterreetcielgannat.fr\\\/#\\\/schema\\\/logo\\\/image\\\/\",\"url\":\"http:\\\/\\\/entreterreetcielgannat.fr\\\/wp-content\\\/uploads\\\/2023\\\/09\\\/Capture-decran-2023-09-16-a-16.53.19.png\",\"contentUrl\":\"http:\\\/\\\/entreterreetcielgannat.fr\\\/wp-content\\\/uploads\\\/2023\\\/09\\\/Capture-decran-2023-09-16-a-16.53.19.png\",\"width\":418,\"height\":358,\"caption\":\"Entre terre et ciel\"},\"image\":{\"@id\":\"https:\\\/\\\/entreterreetcielgannat.fr\\\/#\\\/schema\\\/logo\\\/image\\\/\"}}]}<\/script>\n<!-- \/ Yoast SEO plugin. -->","yoast_head_json":{"title":"Infos MTC - ENTRE TERRE ET CIEL GANNAT","robots":{"index":"index","follow":"follow","max-snippet":"max-snippet:-1","max-image-preview":"max-image-preview:large","max-video-preview":"max-video-preview:-1"},"canonical":"https:\/\/entreterreetcielgannat.fr\/index.php\/infos-mtc\/","og_locale":"fr_FR","og_type":"article","og_title":"Infos MTC - ENTRE TERRE ET CIEL GANNAT","og_description":"M\u00e9ridien du Poumon FEI \u80ba 11 points (Tai Yin) \/ Saison Automne \/ El\u00e9ment ou Mouvement M\u00e9tal (source : acuponcturesite) M\u00e9ridien du Gros intestin DA CHANG_h\u00e9 li\u00e1o \u79be\u9ace 20 points (Yang Ming) \/ Saison Automne \/ El\u00e9ment ou Mouvement M\u00e9tal (source : acuponcturesite) M\u00e9ridien de la rate-Pancr\u00e9as PI \u813e 21 points \/ Saison fin de [&hellip;]","og_url":"https:\/\/entreterreetcielgannat.fr\/index.php\/infos-mtc\/","og_site_name":"ENTRE TERRE ET CIEL GANNAT","article_modified_time":"2024-11-20T13:08:18+00:00","og_image":[{"url":"https:\/\/entreterreetcielgannat.fr\/wp-content\/uploads\/2024\/10\/Poumon-seul-acuponcture-site-1.png","type":"","width":"","height":""}],"twitter_card":"summary_large_image","twitter_misc":{"Dur\u00e9e de lecture estim\u00e9e":"1 minute"},"schema":{"@context":"https:\/\/schema.org","@graph":[{"@type":"WebPage","@id":"https:\/\/entreterreetcielgannat.fr\/index.php\/infos-mtc\/","url":"https:\/\/entreterreetcielgannat.fr\/index.php\/infos-mtc\/","name":"Infos MTC - ENTRE TERRE ET CIEL GANNAT","isPartOf":{"@id":"https:\/\/entreterreetcielgannat.fr\/#website"},"primaryImageOfPage":{"@id":"https:\/\/entreterreetcielgannat.fr\/index.php\/infos-mtc\/#primaryimage"},"image":{"@id":"https:\/\/entreterreetcielgannat.fr\/index.php\/infos-mtc\/#primaryimage"},"thumbnailUrl":"https:\/\/entreterreetcielgannat.fr\/wp-content\/uploads\/2024\/10\/Poumon-seul-acuponcture-site-1.png","datePublished":"2024-09-25T16:32:56+00:00","dateModified":"2024-11-20T13:08:18+00:00","breadcrumb":{"@id":"https:\/\/entreterreetcielgannat.fr\/index.php\/infos-mtc\/#breadcrumb"},"inLanguage":"fr-FR","potentialAction":[{"@type":"ReadAction","target":["https:\/\/entreterreetcielgannat.fr\/index.php\/infos-mtc\/"]}]},{"@type":"ImageObject","inLanguage":"fr-FR","@id":"https:\/\/entreterreetcielgannat.fr\/index.php\/infos-mtc\/#primaryimage","url":"https:\/\/entreterreetcielgannat.fr\/wp-content\/uploads\/2024\/10\/Poumon-seul-acuponcture-site-1.png","contentUrl":"https:\/\/entreterreetcielgannat.fr\/wp-content\/uploads\/2024\/10\/Poumon-seul-acuponcture-site-1.png","width":500,"height":328},{"@type":"BreadcrumbList","@id":"https:\/\/entreterreetcielgannat.fr\/index.php\/infos-mtc\/#breadcrumb","itemListElement":[{"@type":"ListItem","position":1,"name":"Accueil","item":"https:\/\/entreterreetcielgannat.fr\/"},{"@type":"ListItem","position":2,"name":"Infos MTC"}]},{"@type":"WebSite","@id":"https:\/\/entreterreetcielgannat.fr\/#website","url":"https:\/\/entreterreetcielgannat.fr\/","name":"entreterreetcielgannat.fr","description":"Pratique du Qi Gong et du Tai Chi pour un mieux \u00eatre","publisher":{"@id":"https:\/\/entreterreetcielgannat.fr\/#organization"},"potentialAction":[{"@type":"SearchAction","target":{"@type":"EntryPoint","urlTemplate":"https:\/\/entreterreetcielgannat.fr\/?s={search_term_string}"},"query-input":{"@type":"PropertyValueSpecification","valueRequired":true,"valueName":"search_term_string"}}],"inLanguage":"fr-FR"},{"@type":"Organization","@id":"https:\/\/entreterreetcielgannat.fr\/#organization","name":"Entre terre et ciel","url":"https:\/\/entreterreetcielgannat.fr\/","logo":{"@type":"ImageObject","inLanguage":"fr-FR","@id":"https:\/\/entreterreetcielgannat.fr\/#\/schema\/logo\/image\/","url":"http:\/\/entreterreetcielgannat.fr\/wp-content\/uploads\/2023\/09\/Capture-decran-2023-09-16-a-16.53.19.png","contentUrl":"http:\/\/entreterreetcielgannat.fr\/wp-content\/uploads\/2023\/09\/Capture-decran-2023-09-16-a-16.53.19.png","width":418,"height":358,"caption":"Entre terre et ciel"},"image":{"@id":"https:\/\/entreterreetcielgannat.fr\/#\/schema\/logo\/image\/"}}]}},"_links":{"self":[{"href":"https:\/\/entreterreetcielgannat.fr\/index.php\/wp-json\/wp\/v2\/pages\/313","targetHints":{"allow":["GET"]}}],"collection":[{"href":"https:\/\/entreterreetcielgannat.fr\/index.php\/wp-json\/wp\/v2\/pages"}],"about":[{"href":"https:\/\/entreterreetcielgannat.fr\/index.php\/wp-json\/wp\/v2\/types\/page"}],"author":[{"embeddable":true,"href":"https:\/\/entreterreetcielgannat.fr\/index.php\/wp-json\/wp\/v2\/users\/3"}],"replies":[{"embeddable":true,"href":"https:\/\/entreterreetcielgannat.fr\/index.php\/wp-json\/wp\/v2\/comments?post=313"}],"version-history":[{"count":4,"href":"https:\/\/entreterreetcielgannat.fr\/index.php\/wp-json\/wp\/v2\/pages\/313\/revisions"}],"predecessor-version":[{"id":424,"href":"https:\/\/entreterreetcielgannat.fr\/index.php\/wp-json\/wp\/v2\/pages\/313\/revisions\/424"}],"wp:attachment":[{"href":"https:\/\/entreterreetcielgannat.fr\/index.php\/wp-json\/wp\/v2\/media?parent=313"}],"curies":[{"name":"wp","href":"https:\/\/api.w.org\/{rel}","templated":true}]}}